{"id":8926,"date":"2023-07-06T18:38:24","date_gmt":"2023-07-06T18:38:24","guid":{"rendered":"http:\/\/suluz.srtv.cl\/?post_type=product&#038;p=8926"},"modified":"2023-08-11T19:09:58","modified_gmt":"2023-08-11T19:09:58","slug":"proyector-new-sonix-led","status":"publish","type":"product","link":"https:\/\/suluz.cl\/index.php\/producto\/proyector-new-sonix-led\/","title":{"rendered":"Proyector LED NEW SONIX"},"content":{"rendered":"<section class=\"l-section wpb_row height_custom\"><div class=\"l-section-h i-cf\"><div class=\"g-cols vc_row via_grid cols_1 laptops-cols_inherit tablets-cols_inherit mobiles-cols_1 valign_top type_default stacking_default\"><div class=\"wpb_column vc_column_container\"><div class=\"vc_column-inner\"><div class=\"wpb_text_column\"><div class=\"wpb_wrapper\"><ul>\n<li>Proyector de \u00e1rea modelo New SONIX Tecnolog\u00eda LED de \u00faltima generaci\u00f3n.<\/li>\n<li>Dise\u00f1o modular de 240W de potencia en cada m\u00f3dulo con Driver independiente.<\/li>\n<li>Cuerpo aluminio inyectado a presi\u00f3n con sistema de fijaci\u00f3n con 3 pernos. Pintura<br \/>\nelectrost\u00e1tica en polvo-termo esmaltada y tratamiento anticorrosivo.<\/li>\n<li>Todos los accesorios, tales como pernos, golillas, seguros y otros, de material met\u00e1lico<br \/>\nde acero inoxidable (A2 DIN\/ISO). Materiales compatibles entre s\u00ed, con resistencia a la<br \/>\ncorrosi\u00f3n galv\u00e1nica.<\/li>\n<li>Difusor protector de LED de resistencia IK10 seg\u00fan norma IEC 62262.<\/li>\n<\/ul>\n<p>Apto para iluminaci\u00f3n de Estadios, Canchas Deportivas, \u00c1reas, Explanadas, etc.<\/p>\n<p>Disponible con certificaci\u00f3n DS43 para la II, III y IV Regi\u00f3n de Chile.<\/p>\n<\/div><\/div><\/div><\/div><\/div><\/div><\/section>\n","protected":false},"excerpt":{"rendered":"<p>.<\/p>\n","protected":false},"featured_media":8932,"template":"","meta":{"om_disable_all_campaigns":false,"_monsterinsights_skip_tracking":false,"_monsterinsights_sitenote_active":false,"_monsterinsights_sitenote_note":"","_monsterinsights_sitenote_category":0},"product_brand":[],"product_cat":[74],"product_tag":[],"class_list":{"0":"post-8926","1":"product","2":"type-product","3":"status-publish","4":"has-post-thumbnail","6":"product_cat-proyectores-de-area","8":"first","9":"instock","10":"shipping-taxable","11":"product-type-simple"},"acf":[],"_links":{"self":[{"href":"https:\/\/suluz.cl\/index.php\/wp-json\/wp\/v2\/product\/8926","targetHints":{"allow":["GET"]}}],"collection":[{"href":"https:\/\/suluz.cl\/index.php\/wp-json\/wp\/v2\/product"}],"about":[{"href":"https:\/\/suluz.cl\/index.php\/wp-json\/wp\/v2\/types\/product"}],"wp:featuredmedia":[{"embeddable":true,"href":"https:\/\/suluz.cl\/index.php\/wp-json\/wp\/v2\/media\/8932"}],"wp:attachment":[{"href":"https:\/\/suluz.cl\/index.php\/wp-json\/wp\/v2\/media?parent=8926"}],"wp:term":[{"taxonomy":"product_brand","embeddable":true,"href":"https:\/\/suluz.cl\/index.php\/wp-json\/wp\/v2\/product_brand?post=8926"},{"taxonomy":"product_cat","embeddable":true,"href":"https:\/\/suluz.cl\/index.php\/wp-json\/wp\/v2\/product_cat?post=8926"},{"taxonomy":"product_tag","embeddable":true,"href":"https:\/\/suluz.cl\/index.php\/wp-json\/wp\/v2\/product_tag?post=8926"}],"curies":[{"name":"wp","href":"https:\/\/api.w.org\/{rel}","templated":true}]}}